2 + 29*u + 42. Let o(n) = -5*a(n) - 2*f(n). What is o(-25)?
-4
Let g(o) = 4*o**2 + o - 1. Suppose 7 = -3*k + 22. Let h = 5 - k. Suppose 2*c + 8 = 5*d - 7, h = -3*c - 15. Determine g(d).
4
Let r(s) = -2*s**2 + 41*s + 15. Let g = 2842 - 2821. Give r(g).
-6
Let j(g) = 95 - 10 - 17 - g**2 - 72 - 10*g. Determine j(-10).
-4
Let n(j) = -21*j - 49. Let z(w) = -25*w + 51. Let q be z(4). Let d(h) = 2*h + 5. Let i(l) = q*d(l) - 5*n(l). Calculate i(1).
7
Let c be (35 - 7) + -35 - 5*1. Let r(v) = -8*v - 15. Give r(c).
81
Let p = -8467 - -8469. Let w(r) be the first derivative of -8/3*r**3 - 1/4*r**4 - 4*r**p + 24 - 3*r. Calculate w(-7).
4
Let a(c) = -2672*c + 5339*c + 35 - 2670*c + 0. Determine a(11).
2
Let v(s) = -5*s + 4. Let x be (-10 + (-29)/(-3))/(1/12). Let j(g) = g**3 + 3*g**2 - 4*g + 6. Let d be j(x). Determine v(d).
-26
Let b = -5289 - -5304. Let d(c) = c**3 - 16*c**2 + 18*c - 12. Give d(b).
33
Let l(z) = 2*z + 1. Let r be 20*(5 - (-2)/(-2)). Suppose 3*a - 48 = -h - 2*h, 0 = -5*h - 4*a + r. Suppose s = -7*s - h. Determine l(s).
-3
Let g(u) = -u**3 - 7*u**2 + 3*u + 17. Let x = -3425 + 3418. Determine g(x).
-4
Suppose 2*o = -2*o, -3*d = -2*o. Let a(x) be the third derivative of -38*x**2 + 0*x - 1/24*x**4 + d - 1/120*x**6 - 1/15*x**5 + 1/6*x**3. Calculate a(-4).
5
Let m(x) = -6*x**2 - 5*x + 173. Let c(d) = 4*d**2 + 6*d - 174. Let i(w) = -4*c(w) - 3*m(w). Let r(a) be the first derivative of i(a). Determine r(3).
3
Let n(d) = 10*d - 384 - 2*d + 192 + 5*d + 205. Determine n(-1).
0
Let o(s) = -2*s + 21. Let g be o(6). Let q(c) = -13 + g + 5 + 11*c. Let k be (2 + (1 - 4))/(-1). Calculate q(k).
12
Let p be (-225)/(-15) + -23 - -15. Let t(g) = g - 21. What is t(p)?
-14
Let x(b) = 3*b**2 - 33*b - 35*b - 9 + 10*b**2 + 64*b - 15*b**2. Determine x(-2).
-9
Let d(m) be the second derivative of -15*m - 1/6*m**3 + 1/2*m**2 - 1/6*m**4 + 3 + 3/20*m**5. What is d(-2)?
-29
Let a(y) = y - 1. Suppose o - 3*o - 8 = 0, -132 = 4*d + o. Let b = d + 47. Let x be -12*(-2 - (-35)/b). Calculate a(x).
-5
Let p(l) be the first derivative of -l**4/4 + l**2/2 + 9*l + 722. What is p(0)?
9
Let r(h) = -43*h - 37*h - 35*h + 110*h + 48. Give r(10).
-2
Let k(u) be the first derivative of u**4/4 - 7*u**3/3 + 5*u**2/2 - 7*u + 31. Let r = 1073 - 1067. Calculate k(r).
-13
Let b be 1/(((-6)/15)/(-2)). Let a(j) = -b*j + 2*j + 4 + j - 3. Suppose 312 = 58*g + 22. Calculate a(g).
-9
Let u = -162 - -168. Let q(k) = 4*k**2 + 6*k + 25. Let f(n) = -n**2 - 2*n - 8. Let a(d) = 7*f(d) + 2*q(d). Give a(u).
18
Let t(g) be the first derivative of 0*g**2 + 20/3*g**3 + 1/60*g**5 + 0*g + 9 - 1/24*g**4. Let w(v) be the third derivative of t(v). Give w(3).
5
Let h(x) = -x - 9. Let j(m) = 2*m + 8. Let n(o) = 3*h(o) + 4*j(o). Let k(z) = -157*z + 6904. Let d be k(44). Give n(d).
-15
Let a(n) = 42*n**3 - n**2 + 2*n - 1. Suppose 65*h - 10 - 55 = 0. Determine a(h).
42
Let y be (6 - (-65)/(-10))*-286. Let b = 135 - y. Let z(c) = c**3 + 8*c**2 - 2*c + 8. Calculate z(b).
24
Let v(j) = -69*j - 131. Let q be v(-2). Let p(m) be the first derivative of -3*m + 1/3*m**3 + 3 - 3*m**2. Calculate p(q).
4
Let z(g) = -3*g**2 + 29*g. Let s be z(9). Suppose -2*j - s = -5*j + l, -4*l = 0. Let r(a) = -a - 6. Give r(j).
-12
Suppose y + 4 + 14 = 5*l, -16 = -4*l. Let d(a) = -a**y + 0*a**2 - 4*a + 11 - 17. Determine d(-4).
-6
Let r(j) = -3*j**2 + 181*j - 252. Let n be r(59). Let h(d) = d**3 + 16*d**2 + 3. What is h(n)?
3
Let l(b) be the second derivative of -b**5/10 - 7*b**4/6 - b**3/6 - 4*b**2 + 76*b. Let u be l(-7). Let f(c) = 19*c**3 - c**2 - c - 1. Calculate f(u).
-20
Suppose -48*a + 41*a = -14. Let q(s) = -18 - s**a - 3 + 5. Calculate q(0).
-16
Let s(c) = -c + 4. Let m be ((-21)/9 - 0)/(13/39). What is s(m)?
11
Suppose -34*m = 24*m + 50*m. Let h(z) = z**2 + 67. What is h(m)?
67
Let v(s) = s**3 + 11*s**2 + 14*s - 8. Let z(n) = n**2 - 37*n - 928. Let a be z(-17). Determine v(a).
-48
Let p(f) be the first derivative of f**4/4 - 16*f**3/3 - 8*f**2 - 11*f - 2. Suppose -16*q + 34 = -14*q. Let k be p(q). Let h(s) = -s**2 + 2*s + 5. Give h(k).
-19
Let h(b) = 7*b + 1. Suppose 4*i = 4*s + 24, 5*s = 5*i + s - 28. Suppose 4 = -i*n + 4*j, -4*j = 6*n - 11*n - 3. Give h(n).
8
Let z(b) = 5*b**2 + 96*b - 27. Let x(j) = -3*j**2 - 59*j + 18. Let r(g) = -8*x(g) - 5*z(g). Calculate r(-4).
7
Suppose 0 = y - 5*z + 11, 15 = -4*y - 3*z + 40. Let c(i) = -2 - y*i + 4*i - 4*i. Give c(4).
-18
Let v(b) = -3249*b - b**2 + 3 + 0 + 3257*b. Suppose 105*c - 18 = 103*c. Calculate v(c).
-6
Let t = -273 - -276. Suppose -3*j - u - 28 = 2*j, -t*j + 4*u - 26 = 0. Let m(n) = -3*n - 14. What is m(j)?
4
Let g(k) = -k**3 + 6*k**2 + 2. Let b(h) = -8*h - 323. Let c be b(-41). Let u(a) = 5*a**2 + a**3 + 1 - 9*a - 4*a**2 - 4*a**2. Let t be u(c). Determine g(t).
2
Let d(g) = 19*g + 161. Suppose -3*x = -5*o + 19, 4*o + 28 = -x + 16. Let b be d(x). Let k(f) = f**2 - 7*f - 13. Determine k(b).
5
Let r(w) = 274*w**2 + 2 - 829*w**2 + 270*w**2 - 2*w + 274*w**2. Give r(1).
-11
Let n = 2986 + -2982. Let j(h) = -2*h**2 + 9*h + 1. Give j(n).
5
Let b(k) = -3*k - 5. Let n(y) = 8*y + 14. Let t(p) = 11*b(p) + 4*n(p). Let h be (-2 + 0)*5 + 18/30*5. Calculate t(h).
8
Let a(x) be the third derivative of -72*x**2 + 1/60*x**5 + 0*x + 0 + x**3 - 1/4*x**4. Give a(6).
6
Let c(j) = -3*j**3 - j - 2. Let t be c(-1). Let o(u) = -10*u - 12*u - u**t + 21*u - 5*u. Calculate o(-3).
9
Suppose 24*n - 10601 = -2057. Suppose 120 - n = 59*g. Let b(u) = -2*u - 6. Determine b(g).
2
Let z(k) = 2*k. Let i = 382 - 368. Let d(y) = -y**3 + 15*y**2 - 16*y + 32. Let n be d(i). Calculate z(n).
8
Let p(h) be the first derivative of 2*h**3/3 - 12*h**2 + 8*h - 4535. Determine p(10).
-32
Suppose -1727*v = -1814*v + 348. Let h(w) = w**3 - 3*w**2 + 7. Let l(s) = 15 - 6*s**2 + 0 + s + 2*s**3 + 0*s**2. Let f(a) = -13*h(a) + 6*l(a). Determine f(v).
7
Let b be ((-66)/30)/((-2706)/410). Let r(p) be the second derivative of -1/12*p**4 - b*p**3 + p**2 - 5*p + 0. What is r(-3)?
-1
Suppose 72*x = -43*x + 15*x - 800. Let h = -4 - -8. Let y(z) = -z**3 + 6*z + h*z - 5*z - 8*z**2 - 4*z + 1. Give y(x).
-7
Let o = -45 - -47. Let j(i) = 4*i**o - 2*i**2 - 148 + 147. Give j(2).
7
Let s(k) be the first derivative of -2*k**2 - 37*k - 210. Calculate s(-11).
7
Let z(a) = -a**3 - 43*a**2 - 2*a - 97. Let r be 38/(-437) - 987/23. Calculate z(r).
-11
Let w(s) be the first derivative of s + 7 - 11/3*s**3 + 0*s**2. Give w(-1).
-10
Let p be (-2)/(-10) + (-24)/(-5) + -2. Let u(n) = -3 - 5 - 12*n + p + 6. Give u(-1).
13
Let f = 426 + -338. Let p(k) = 7 - 83*k + k**3 + 0*k**3 - 3*k**2 + f*k - 4*k**2. Let r(u) = 7*u**3 - u. Let y be r(1). Determine p(y).
1
Let m(x) be the first derivative of 4*x**2 - 62*x + 6894. Give m(7).
-6
Let o(v) = -9*v + 1. Let d(u) = u - 5. Let l be d(8). Suppose 4*c - 13 = 5*r, -r - 4 = -l. Determine o(c).
-17
Let r(i) = 7*i + 7. Let c(z) = 4*z. Let f(k) = -2*c(k) + r(k). Let b be 14/3*12/8. Calculate f(b).
0
Let y(d) = -52*d - 2302. Let w be y(-44). Let f(v) be the first derivative of v**3/3 + 13*v**2/2 - 8*v + 15. Determine f(w).
6
Let i(u) = -10*u**2. Suppose -z + 14 = w, -51 + 8 = -3*w - 4*z. Let f(v) = -7*v + 11 - 4*v - 5*v + w*v. Let h be f(4). Calculate i(h).
-10
Suppose j = 5*x + 174, x + 30 = 4*j + j. Let u(y) = -4*y**2 - 7*y + 1. Let d be u(2). Let r = x - d. Let v(k) = -k**3 - 7*k**2 - 6*k + 6. Calculate v(r).
6
Let s(o) = o**3 - 5*o**2 + 7*o - 3. Let u be (-20*3/(-18))/((3995/(-102))/(-47)). Calculate s(u).
9
Let q(w) = -17*w - 6. Let a be (-93)/((-5208)/448) + -1*3 + -2. Calculate q(a).
-57
Let c(x) = -2*x - 6. Let m(s) be the first derivative of 3*s**2/2 + 7*s + 2. Let a = -560 + 556. Let l(i) = a*c(i) - 3*m(i). Give l(5).
-2
Let s(f) = 532*f - 2635. Let z be s(5). Let w(x) = 2*x**2 - 51*x + 21. Determine w(z).
-4
Let y(h) be the first derivative of 5/2*h**2 + 0*h - 35. Calculate y(1).
5
Suppose 24*u + 247 = 31. Let z(s) = 2*s**2 + 21*s + 21. Calculate z(u).
-6
Let f be 16*(-5)/(-3 - 7). Let d(p) = -2*p**3 - 8*p**2 + 10*p + 6. Let r(n) = 5*n**3 + 24*n**2 - 29*n - 18. Let c(v) = f*d(v) + 3*r(v). Calculate c(7).
-6
Suppose 25*c = 34*c. Let u(f) be the third derivative of 1/60*f**5 + 17*f**2 + 0*f + c + 1/24*f**4 - f**3. Calculate u(0).
-6
Suppose -8*a + 3*a + 3*g + 33 = 0, -5 = 5*g. Let r(c) = 5*c - 14*c + 8*c - a. Give r(-3